 greatest common divisor of t and v?
15
Let d(s) = 112 - 14*s + 8*s - 150. Let c be d(-9). Calculate the highest common factor of c and 1.
1
Suppose 5*z - 102 = 2*l - 54, 0 = 4*z - 3*l - 30. What is the highest common divisor of 300 and z?
12
Let c = -7899 - -8306. What is the highest common factor of c and 121?
11
Let c = -981 + 652. Let w = -209 - c. Calculate the highest common factor of 96 and w.
24
Let q be (-876)/(-52) - 10/(-65). Suppose -5*b - 12 = -q*b. What is the highest common factor of 29 and b?
1
Suppose -126*a + 12348 = -112*a. Suppose 86 = 8*h - a. Calculate the greatest common divisor of h and 44.
11
Let f = -22383 + 22403. What is the highest common divisor of f and 740?
20
Suppose x - 31 = -19. Let b be 6 - 3 - (0 + 0). Suppose b*l - 3*j = 6, -5*l + j + 0 = -14. What is the greatest common factor of x and l?
3
Let d(h) = 2294*h + 1113. Let g be d(3). Calculate the highest common factor of 82 and g.
41
Let y(q) = -30*q + 893. Let p be y(-47). Calculate the greatest common factor of 47 and p.
47
Let u(x) = x**3 - 6*x**2 - x + 244. Let m be u(0). Let l = m - 124. Calculate the highest common divisor of 100 and l.
20
Let n be ((-2607)/(-20) - (-2)/8)/((-102)/(-510)). Calculate the greatest common factor of n and 2.
1
Let c(t) = -t**2 - 22*t - 11. Let g be c(-21). Suppose 46 = -g*y + 8*y. Let b = y + 24. Calculate the highest common factor of 12 and b.
1
Let i be (-35)/(-21) + 6698*(1 - (-25)/(-30)). Calculate the highest common factor of i and 430.
86
Let z(c) = -6 + c**2 + 4 + c**3 - 7*c**2 + 6*c. Let g be z(4). Let l be (24/4)/((-6)/g). What is the highest common divisor of 90 and l?
10
Suppose -4*y - 3*l - 5 = 3, 0 = -5*l. Let q be (y/3*-2)/(4/18). What is the greatest common factor of q and 34?
2
Let k(w) = 14*w**2 + 84*w + 10. Let h be k(-19). Calculate the greatest common divisor of 918 and h.
102
Let h(r) = -15*r + 90. Let u be h(6). Let f = 70 - u. What is the greatest common factor of f and 280?
70
Let u be 10/(-8) - (-25823)/476. Calculate the highest common factor of 583 and u.
53
Let x = 26 + -26. Let p(g) = g + 1. Let t be p(-1). Suppose t = -x*i + 7*i - 525. What is the greatest common divisor of i and 25?
25
Let q(j) = 3205*j**2 - 342*j + 341. Let x be q(1). Calculate the highest common divisor of 576 and x.
36
Let f(r) = -r**3 + 8*r**2 + 72*r - 21. Let h be f(13). Calculate the highest common factor of 55 and h.
5
Let c(l) = -l**3 + 22*l**2 + 27*l + 128. Let o be c(14). Calculate the greatest common factor of 34 and o.
34
Let g = -382 + 405. Suppose g*l + 7*l = 5460. Calculate the highest common divisor of 28 and l.
14
Let o(r) = r**3 + 28*r**2 - 4*r + 80. Let x be o(-28). Calculate the greatest common divisor of 21216 and x.
96
Let x(m) = m**2 + 11*m - 58. Let g be x(-14). Let a = g + 20. Calculate the highest common divisor of 128 and a.
4
Let g(b) = 38*b**2 + 465*b + 48. Let l be g(-13). Calculate the greatest common factor of 325 and l.
25
Suppose -n - 4*w + 482 = n, -2*w = -3*n + 731. Suppose 5*j = 6*j - n. Suppose 0 = 13*s - 104 - 247. What is the highest common divisor of j and s?
27
Let y = -203 + 207. Suppose l = -0*p + 4*p - 441, l - 439 = -y*p. What is the greatest common divisor of p and 10?
10
Let w(v) = v**2 - 21*v + 43. Let o be w(2). What is the highest common factor of o and 6805?
5
Let k = 12 - 9. Let x be 5/(1*(-1)/13). Let a be 12/(-10)*x/26. Calculate the highest common divisor of k and a.
3
Suppose -21*m + 31*m - 3570 = 0. Suppose 2*a + r = m, 3*a - 546 = -4*r + 6*r. What is the highest common divisor of 72 and a?
36
Let w = 23431 - 23308. Calculate the greatest common factor of 9 and w.
3
Let b = -31976 + 32160. Calculate the greatest common factor of b and 54.
2
Suppose -4*d + 5*w = -42, 3*d + 471 = 4*w + 503. Calculate the highest common factor of d and 29256.
8
Let b = 3066 + -2842. What is the greatest common divisor of b and 3276?
28
Let l(n) = 5*n**2 - 2*n. Let m be l(4). Let c = -206 + 217. Suppose 0 = -2*i - 3*z + 42, -4*z = -c*i + 7*i + 64. What is the highest common divisor of i and m?
18
Suppose 4*f - 2*q + 112 = 388, 4*f - 4*q - 272 = 0. Let o = f - 13. What is the greatest common factor of 38 and o?
19
Let t be ((-4)/10)/(2 + 44/(-20)). Suppose 0 = -4*k - 16, -t*k + 104 = 2*i - 0*i. What is the greatest common factor of i and 616?
56
Suppose 0 = -4*f - 12, 5*h - f + 31 = -11. Let d be (204/15 - 0)/(h/(-45)). Calculate the greatest common divisor of d and 85.
17
Let j(k) = -k + 27. Let z be j(17). Let g = 74 - z. Calculate the highest common factor of g and 96.
32
Let u = 306 - 306. Suppose -49*d + 43*d + 60 = u. What is the greatest common factor of d and 90?
10
Let d = -24 - -28. Let r be (-3)/d*32/(-24). Let i = 21 - r. What is the greatest common divisor of i and 20?
20
Let g(h) = -16*h - 42. Let q be g(-3). Suppose q*c + 4*b + 10 = 5*c, -2*c + 8 = b. What is the greatest common factor of c and 34?
2
Let w(o) = 4*o**3 - 176*o**2 + 171*o + 47. Let x be w(43). Let n = -5 - -5. Suppose n*m = -2*m + 16. What is the greatest common factor of m and x?
4
Suppose 3*y - 365 = -2*p + 407, 260 = y + 2*p. Let r be (832/y)/((-2)/(-40)). Calculate the highest common divisor of r and 130.
65
Suppose -149*j + 225 = -134*j. Calculate the greatest common divisor of j and 12.
3
Suppose 0 = 52*z - 34*z - 162. Suppose z*h - 1380 = -6*h. What is the greatest common factor of h and 46?
46
Let s(n) = 3*n**2 + n - 1. Let h be s(1). Let j = 384 + -186. Suppose 29*t - 7*t = j. Calculate the highest common divisor of h and t.
3
Suppose -240*f = -8*f - 7493600. Calculate the greatest common divisor of f and 76.
76
Let h(i) = -2*i**3 + 28*i**2 - 27*i + 15. Let y be h(13). Suppose 38*m + 91 = 42*m - 5*n, 47 = y*m - n. Calculate the highest common factor of 15 and m.
3
Suppose -187*b + 429346 = -61775 - 97742. Calculate the highest common factor of b and 536.
67
Suppose 100 - 621 = -22*h + 1129. Calculate the greatest common factor of 45 and h.
15
Let o be 3/9 - 658/(-6). Let l(r) = -11*r + 102. Let m be l(31). Let c = 249 + m. Calculate the greatest common divisor of o and c.
10
Let o = 364 + -342. Suppose 0 = -24*s + o*s + 36. What is the greatest common divisor of s and 102?
6
Let c be (-108)/(-270)*140*1. Let r be (-1)/(-7) + 720/c. What is the greatest common factor of 208 and r?
13
Let r be (15/9)/(2/96). Suppose -68*w = -r*w + 900. Calculate the greatest common factor of w and 825.
75
Let t = 495 - 366. Calculate the highest common factor of 1376 and t.
43
Let v(y) = -y**2 + 8*y - 5. Let g be v(4). Suppose 4 = m, 31 - g = q + 2*m. Calculate the highest common divisor of q and 324.
12
Let v(w) = -193*w - 781. Let r be v(-7). What is the greatest common factor of r and 912?
114
Let i(f) = -31*f + 1267. Let x be i(32). What is the highest common divisor of 4 and x?
1
Suppose v - 3*v = -566. Suppose -6*p = -v - 149. Suppose 27 = 11*j - 72. What is the highest common factor of p and j?
9
Let g = 430 + -95. Suppose -336*t = -g*t - 11. Calculate the highest common divisor of t and 253.
11
Suppose -d - 179 = -j, 4*j - 3*j + d = 181. What is the greatest common factor of j and 75?
15
Suppose -w - 17 = -75. Let q = 122 - w. Suppose -3*z + 2*d + 40 = 0, -d - 34 = -2*z - 6. What is the highest common factor of q and z?
16
Let y = 175 + -153. Suppose 24*k - y*k - h - 452 = 0, -668 = -3*k + 4*h. What is the greatest common factor of 36 and k?
12
Let a = 306 - 282. Let g(q) = q + 5. Let o be g(-5). Suppose 3*t = -o*t + 18. What is the greatest common factor of a and t?
6
Let g be (184/(-2))/((-584)/1460). What is the highest common divisor of g and 667?
23
Suppose 0*j + j - 27 = 0. Suppose -380 + 56 = -6*t. What is the highest common divisor of j and t?
27
Suppose -40*w = t - 38*w - 218, -5*w + 649 = 3*t. Calculate the highest common divisor of t and 52.
52
Let x be -1 - ((-1)/(-1) + -29). Let z = 2112 - 3878. Let t = -1721 - z. Calculate the highest common divisor of t and x.
9
Suppose 2*f = -5*a + 37, 3*a - 38 = -5*f + 102. Suppose u + 3*r + 0*r = 598, 9 = 3*r. Calculate the highest common factor of u and f.
31
Let f(i) = -i**2 - 18*i - 23. Let l be f(-15). Let v = -674 + 828. What is the highest common divisor of v and l?
22
Let y(d) = -46*d + 1072. Let z be y(22). Calculate the greatest common divisor of 